{"id":3610,"date":"2020-09-09T04:31:26","date_gmt":"2020-09-09T02:31:26","guid":{"rendered":"http:\/\/bg-du-vrac.fr\/?page_id=3610"},"modified":"2024-07-12T15:53:44","modified_gmt":"2024-07-12T13:53:44","slug":"home","status":"publish","type":"page","link":"https:\/\/bg-du-vrac.fr\/","title":{"rendered":"Les B&#038;G du Vrac"},"content":{"rendered":"\n<div class=\"inherit-container-width wp-block-group alignfull has-ast-global-color-4-background-color has-background is-layout-constrained wp-block-group-is-layout-constrained\"><div class=\"wp-block-group__inner-container\">\n<figure class=\"wp-block-gallery has-nested-images columns-default is-cropped wp-block-gallery-1 is-layout-flex wp-block-gallery-is-layout-flex\">\n<figure class=\"wp-block-image size-large\"><img decoding=\"async\" loading=\"lazy\" width=\"1024\" height=\"379\" src=\"https:\/\/bg-du-vrac.fr\/wp-content\/uploads\/2024\/07\/bg-facebook-1024x379.jpg\" alt=\"\" class=\"wp-image-7264\" srcset=\"https:\/\/bg-du-vrac.fr\/wp-content\/uploads\/2024\/07\/bg-facebook-1024x379.jpg 1024w, https:\/\/bg-du-vrac.fr\/wp-content\/uploads\/2024\/07\/bg-facebook-300x111.jpg 300w, https:\/\/bg-du-vrac.fr\/wp-content\/uploads\/2024\/07\/bg-facebook-768x284.jpg 768w, https:\/\/bg-du-vrac.fr\/wp-content\/uploads\/2024\/07\/bg-facebook-1536x568.jpg 1536w, https:\/\/bg-du-vrac.fr\/wp-content\/uploads\/2024\/07\/bg-facebook-2048x758.jpg 2048w, https:\/\/bg-du-vrac.fr\/wp-content\/uploads\/2024\/07\/bg-facebook-600x222.jpg 600w\" sizes=\"(max-width: 1024px) 100vw, 1024px\" \/><\/figure>\n<\/figure>\n<\/div><\/div>\n\n\n\n<figure class=\"wp-block-image aligncenter size-large is-resized is-style-default\"><img decoding=\"async\" loading=\"lazy\" width=\"75\" height=\"33\" src=\"http:\/\/bg-du-vrac.fr\/wp-content\/uploads\/2019\/07\/logo-leaf-new.png\" alt=\"\" class=\"wp-image-2518\" style=\"width:95px;height:42px\"\/><\/figure>\n\n\n\n<h2 class=\"wp-block-heading has-text-align-center has-text-color\" style=\"color:#333333\">Avis<\/h2>\n\n\n\n<div class=\"wp-block-columns are-vertically-aligned-center is-layout-flex wp-container-8 wp-block-columns-is-layout-flex\">\n<div class=\"wp-block-column is-vertically-aligned-center is-layout-flow wp-block-column-is-layout-flow\">\n<div class=\"inherit-container-width wp-block-group alignwide has-white-background-color has-background is-layout-constrained wp-block-group-is-layout-constrained\"><div class=\"wp-block-group__inner-container\">\n<p class=\"has-text-align-left has-text-color\" style=\"color:#333333\">Une belle \u00e9picerie avec de beaux produits de qualit\u00e9. Une grande vari\u00e9t\u00e9 de th\u00e9 et des fromages d\u00e9licieux&#8230; Un incontournable !<\/p>\n\n\n\n<div class=\"wp-block-uagb-star-rating uag-star-rating__wrapper uagb-block-292007d2 uag-star-rating__layout-inline\"><p class=\"uag-star-rating__title\">Carole Lavijerie<\/p><div class=\"uag-star-rating\" title=\"5\/5\"><span class=\"uag-star\">\u2605<\/span><span class=\"uag-star\">\u2605<\/span><span class=\"uag-star\">\u2605<\/span><span class=\"uag-star\">\u2605<\/span><span class=\"uag-star\">\u2605<\/span><\/div><\/div>\n<\/div><\/div>\n<\/div>\n\n\n\n<div class=\"wp-block-column is-vertically-aligned-center is-layout-flow wp-block-column-is-layout-flow\">\n<div class=\"inherit-container-width wp-block-group alignwide has-white-background-color has-background is-layout-constrained wp-block-group-is-layout-constrained\"><div class=\"wp-block-group__inner-container\">\n<p class=\"has-text-align-left has-text-color\" style=\"color:#333333\">Tr\u00e8s bons produits. Le brie truff\u00e9 \u00e0 tomber, un r\u00e9gal pour les papilles. Le th\u00e9 de No\u00ebl est tr\u00e8s bon. Les desserts lact\u00e9s savoureux&#8230;. En fait tout est bon !        Cela vaut une visite !<\/p>\n\n\n\n<div class=\"wp-block-uagb-star-rating uag-star-rating__wrapper uagb-block-8445e18a uag-star-rating__layout-inline\"><p class=\"uag-star-rating__title\">Christiane Labruge<\/p><div class=\"uag-star-rating\" title=\"5\/5\"><span class=\"uag-star\">\u2605<\/span><span class=\"uag-star\">\u2605<\/span><span class=\"uag-star\">\u2605<\/span><span class=\"uag-star\">\u2605<\/span><span class=\"uag-star\">\u2605<\/span><\/div><\/div>\n<\/div><\/div>\n<\/div>\n<\/div>\n\n\n\n<div class=\"wp-block-columns are-vertically-aligned-center is-layout-flex wp-container-13 wp-block-columns-is-layout-flex\">\n<div class=\"wp-block-column is-vertically-aligned-center is-layout-flow wp-block-column-is-layout-flow\">\n<div class=\"inherit-container-width wp-block-group alignwide has-white-background-color has-background is-layout-constrained wp-block-group-is-layout-constrained\"><div class=\"wp-block-group__inner-container\">\n<p class=\"has-text-align-left has-text-color\" style=\"color:#333333\">Exactement ce qu&rsquo;il manquait dans le village ! De bons produits locaux et bio. Sans parler de l&rsquo;accueil chaleureux de St\u00e9phanie et Sylver qui nous font d\u00e9couvrir avec passion leur concept et les produits qu&rsquo;ils s\u00e9lectionnent avec soin ! J&rsquo;ai \u00e9galement pu go\u00fbter cr\u00eapes et gaufres, une tuerie !!! Je recommande mille fois !<\/p>\n\n\n\n<div class=\"wp-block-uagb-star-rating uag-star-rating__wrapper uagb-block-3471e9b2 uag-star-rating__layout-inline\"><p class=\"uag-star-rating__title\">Allison Seigneuret<\/p><div class=\"uag-star-rating\" title=\"5\/5\"><span class=\"uag-star\">\u2605<\/span><span class=\"uag-star\">\u2605<\/span><span class=\"uag-star\">\u2605<\/span><span class=\"uag-star\">\u2605<\/span><span class=\"uag-star\">\u2605<\/span><\/div><\/div>\n<\/div><\/div>\n<\/div>\n\n\n\n<div class=\"wp-block-column is-vertically-aligned-center is-layout-flow wp-block-column-is-layout-flow\">\n<div class=\"inherit-container-width wp-block-group alignwide has-white-background-color has-background is-layout-constrained wp-block-group-is-layout-constrained\"><div class=\"wp-block-group__inner-container\">\n<p class=\"has-text-align-left has-text-color\" style=\"color:#333333\">Magasin tr\u00e8s sympathique, il y a beaucoup de choix. \u00c9picerie mais aussi d&rsquo;autres produits comme des ronds d\u00e9maquillants en coton bio r\u00e9utilisables et lavables en machine, il y a aussi fromage, du saucissons&#8230; Les prix sont tr\u00e8s corrects.<\/p>\n\n\n\n<div class=\"wp-block-uagb-star-rating uag-star-rating__wrapper uagb-block-2d7caab4 uag-star-rating__layout-inline\"><p class=\"uag-star-rating__title\">Vivi Lorenzo<\/p><div class=\"uag-star-rating\" title=\"5\/5\"><span class=\"uag-star\">\u2605<\/span><span class=\"uag-star\">\u2605<\/span><span class=\"uag-star\">\u2605<\/span><span class=\"uag-star\">\u2605<\/span><span class=\"uag-star\">\u2605<\/span><\/div><\/div>\n<\/div><\/div>\n<\/div>\n<\/div>\n\n\n\n<div class=\"wp-block-columns are-vertically-aligned-center is-layout-flex wp-container-18 wp-block-columns-is-layout-flex\">\n<div class=\"wp-block-column is-vertically-aligned-center is-layout-flow wp-block-column-is-layout-flow\">\n<div class=\"inherit-container-width wp-block-group alignwide has-white-background-color has-background is-layout-constrained wp-block-group-is-layout-constrained\"><div class=\"wp-block-group__inner-container\">\n<p class=\"has-text-align-left has-text-color\" style=\"color:#333333\">Une superbe \u00e9picerie z\u00e9ro d\u00e9chets et locale. De la qualit\u00e9 des produits, leur proximit\u00e9, jusqu&rsquo;\u00e0 la d\u00e9co et sans oublier les personnes derri\u00e8re ce magnifique projet, tout est irr\u00e9prochable\u2026<\/p>\n\n\n\n<div class=\"wp-block-uagb-star-rating uag-star-rating__wrapper uagb-block-5fd68476 uag-star-rating__layout-inline\"><p class=\"uag-star-rating__title\">Emilie Borghino<\/p><div class=\"uag-star-rating\" title=\"5\/5\"><span class=\"uag-star\">\u2605<\/span><span class=\"uag-star\">\u2605<\/span><span class=\"uag-star\">\u2605<\/span><span class=\"uag-star\">\u2605<\/span><span class=\"uag-star\">\u2605<\/span><\/div><\/div>\n<\/div><\/div>\n<\/div>\n\n\n\n<div class=\"wp-block-column is-vertically-aligned-center is-layout-flow wp-block-column-is-layout-flow\">\n<div class=\"inherit-container-width wp-block-group alignwide has-white-background-color has-background is-layout-constrained wp-block-group-is-layout-constrained\"><div class=\"wp-block-group__inner-container\">\n<p class=\"has-text-align-left has-text-color\" style=\"color:#333333\">Enfin !!! cette boutique nous manquait, du vrac, du local et surtout du bon merci \u00e0 vous et \u00e0 tr\u00e8s vite.<\/p>\n\n\n\n<div class=\"wp-block-uagb-star-rating uag-star-rating__wrapper uagb-block-e8e2e91f uag-star-rating__layout-inline\"><p class=\"uag-star-rating__title\">Christine-Denise Martin<\/p><div class=\"uag-star-rating\" title=\"5\/5\"><span class=\"uag-star\">\u2605<\/span><span class=\"uag-star\">\u2605<\/span><span class=\"uag-star\">\u2605<\/span><span class=\"uag-star\">\u2605<\/span><span class=\"uag-star\">\u2605<\/span><\/div><\/div>\n<\/div><\/div>\n<\/div>\n<\/div>\n","protected":false},"excerpt":{"rendered":"<p>Avis Une belle \u00e9picerie avec de beaux produits de qualit\u00e9. Une grande vari\u00e9t\u00e9 de th\u00e9 et des fromages d\u00e9licieux&#8230; Un incontournable ! Tr\u00e8s bons produits. Le brie truff\u00e9 \u00e0 tomber, un r\u00e9gal pour les papilles. Le th\u00e9 de No\u00ebl est tr\u00e8s bon. Les desserts lact\u00e9s savoureux&#8230;. En fait tout est bon ! Cela vaut une &hellip;<\/p>\n<p class=\"read-more\"> <a class=\"\" href=\"https:\/\/bg-du-vrac.fr\/\"> <span class=\"screen-reader-text\">Les B&#038;G du Vrac<\/span> Lire la suite\u00a0\u00bb<\/a><\/p>\n","protected":false},"author":4,"featured_media":0,"parent":0,"menu_order":0,"comment_status":"closed","ping_status":"closed","template":"","meta":{"site-sidebar-layout":"no-sidebar","site-content-layout":"plain-container","ast-global-header-display":"","ast-main-header-display":"","ast-hfb-above-header-display":"","ast-hfb-below-header-display":"","ast-hfb-mobile-header-display":"","site-post-title":"disabled","ast-breadcrumbs-content":"","ast-featured-img":"disabled","footer-sml-layout":"","theme-transparent-header-meta":"default","adv-header-id-meta":"","stick-header-meta":"","header-above-stick-meta":"","header-main-stick-meta":"","header-below-stick-meta":"","footnotes":""},"uagb_featured_image_src":{"full":false,"thumbnail":false,"medium":false,"medium_large":false,"large":false,"1536x1536":false,"2048x2048":false,"woocommerce_thumbnail":false,"woocommerce_single":false,"woocommerce_gallery_thumbnail":false,"shop_catalog":false,"shop_single":false,"shop_thumbnail":false},"uagb_author_info":{"display_name":"St\u00e9phanie Berlinguez","author_link":"https:\/\/bg-du-vrac.fr\/?author=4"},"uagb_comment_info":0,"uagb_excerpt":"Avis Une belle \u00e9picerie avec de beaux produits de qualit\u00e9. Une grande vari\u00e9t\u00e9 de th\u00e9 et des fromages d\u00e9licieux&#8230; Un incontournable ! Tr\u00e8s bons produits. Le brie truff\u00e9 \u00e0 tomber, un r\u00e9gal pour les papilles. Le th\u00e9 de No\u00ebl est tr\u00e8s bon. Les desserts lact\u00e9s savoureux&#8230;. En fait tout est bon ! Cela vaut une\u2026","_links":{"self":[{"href":"https:\/\/bg-du-vrac.fr\/index.php?rest_route=\/wp\/v2\/pages\/3610"}],"collection":[{"href":"https:\/\/bg-du-vrac.fr\/index.php?rest_route=\/wp\/v2\/pages"}],"about":[{"href":"https:\/\/bg-du-vrac.fr\/index.php?rest_route=\/wp\/v2\/types\/page"}],"author":[{"embeddable":true,"href":"https:\/\/bg-du-vrac.fr\/index.php?rest_route=\/wp\/v2\/users\/4"}],"replies":[{"embeddable":true,"href":"https:\/\/bg-du-vrac.fr\/index.php?rest_route=%2Fwp%2Fv2%2Fcomments&post=3610"}],"version-history":[{"count":26,"href":"https:\/\/bg-du-vrac.fr\/index.php?rest_route=\/wp\/v2\/pages\/3610\/revisions"}],"predecessor-version":[{"id":7266,"href":"https:\/\/bg-du-vrac.fr\/index.php?rest_route=\/wp\/v2\/pages\/3610\/revisions\/7266"}],"wp:attachment":[{"href":"https:\/\/bg-du-vrac.fr\/index.php?rest_route=%2Fwp%2Fv2%2Fmedia&parent=3610"}],"curies":[{"name":"wp","href":"https:\/\/api.w.org\/{rel}","templated":true}]}}